c = -145. Calculate the remainder when c is divided by 10.
9
Let n(i) = 3*i**2 + 6*i - 6. Calculate the remainder when n(-4) is divided by 8.
2
Suppose -r + 4 = 5*o, r = -r - o + 8. Suppose r*w - 36 = w. Calculate the remainder when w is divided by 230/30 - 4/6.
5
Let a(i) = -i**2 + 4*i + 5. Let v be a(5). Let g(k) = k**2 + 9. What is the remainder when g(v) is divided by 6/4*(0 + 4)?
3
Suppose -2*d + 44 = -4*d + 2*t, -5*d - 140 = 5*t. Let z = -4 - d. What is the remainder when z is divided by 8?
5
Calculate the remainder when 157 is divided by (-3553)/(-77) - (-2)/(-14).
19
Suppose 0 = -6*l + 57 + 9. Calculate the remainder when 54 is divided by l.
10
Let q = 119 + -56. Let z = 8 + -5. Suppose 54 + q = z*r. Calculate the remainder when r is divided by 14.
11
Suppose -4*g + 3*h = -144, 7*h - 203 = -5*g + 5*h. What is the remainder when g is divided by 10?
9
Let t = 15 - -1. Suppose 0*q = -5*q - 2*j + 301, 3*j = 4*q - 227. What is the remainder when q is divided by t?
11
Let g = 22 - -12. Let j = 75 - g. Calculate the remainder when j is divided by 14.
13
Suppose 34 = 4*g + 10. Suppose -n = g*r - 5*r - 37, -5*r = -n + 25. Calculate the remainder when 63 is divided by n.
28
Let h(v) = -656*v + 5. What is the remainder when h(-1) is divided by 83?
80
Let c(k) = -k**3 + 12*k**2 - 5*k - 45. Calculate the remainder when 81 is divided by c(11).
18
What is the remainder when 126 is divided by -3*3*(7 - (-146)/(-18))?
6
Suppose -47*u - 1170 = -56*u. Calculate the remainder when 258 is divided by u.
128
Let p = 71 + -61. Let o = -14 + 33. Let s = o + 18. Calculate the remainder when s is divided by p.
7
Let c = -9 - -9. Suppose c = 3*y + y - 8. Suppose y*s = 37 - 1. What is the remainder when s is divided by 10?
8
Suppose -2*n = 5*s - 28, -4*s + 22 - 2 = n. Suppose -s*g + 2*y + 114 = 0, -5*g + 147 = y - 5*y. Calculate the remainder when 80 is divided by g.
26
Suppose -3*b + 5*o = 22, -3*o + 15 = 5*b - o. Let u(d) = d**3 - 6*d**2 + 5*d - 4. Let g be u(5). Let i = b - g. Calculate the remainder when i is divided by 3.
2
Let d(p) = p**3 - p**2 - p + 3. Let a be d(0). Suppose 0 = 5*k + m - 64, 0 = k + m - 15 + a. What is the remainder when 35 is divided by k?
9
Let g = 20 - 17. Suppose -v + g = 1. Suppose 260 = 5*i + v*x, 0*x - 5 = x. What is the remainder when i is divided by 19?
16
Let m = -14 - -20. Let p = -53 + 91. Calculate the remainder when -4 - p*(-2)/4 is divided by m.
3
Suppose 4*w = b - 17 + 79, -4 = 2*b. Suppose 5*n + 872 = 3*f, -272 = -2*f + f - 3*n. Calculate the remainder when f/(-12)*-3 + 2 is divided by w.
13
Let o = 18 - -8. Let a(j) = -j**3 - 13*j**2 - 4*j - 31. Let f be a(-13). Let h = f - 14. Calculate the remainder when o is divided by h.
5
Suppose 0 = -3*r - 15, 3*r = -5*n - r. Suppose -3*k + o = -53, -3*k + n*o + 8 = -33. Calculate the remainder when 34 is divided by k.
15
Let n(u) = -u**3 + 9*u**2 + 7*u - 19. Suppose 0 = -3*p + h + 23, -2*h + h + 49 = 5*p. Calculate the remainder when n(p) is divided by 15.
14
Calculate the remainder when 634/6 - 4/6 is divided by ((-2)/7 - 6195/(-245)) + 2.
24
Suppose 5*y = -y + 42. Let i(c) = 2*c**2 - c + 1. Let o = -11 - -9. Calculate the remainder when i(o) is divided by y.
4
Suppose 6*y - 1424 - 2188 = 0. Suppose -451 = -13*t + y. What is the remainder when t is divided by 28?
25
Let r be (-448)/(-6) - (-12)/36. What is the remainder when -129*-2*(-2)/(-12) is divided by -3 + (1*r)/3?
21
Let s(g) = -g**3 + 7*g**2 + 3*g - 14. Let b be 12/(-30)*(1 + 29). Let z = 2 - b. Calculate the remainder when s(6) is divided by z.
12
Suppose 0 = -3*t - 7*q + 11*q + 93, -6*t + 186 = q. Let m(w) = -7*w + 1. Calculate the remainder when t is divided by m(-1).
7
Let y = 187 - 162. Calculate the remainder when 60 is divided by y.
10
Let s = -561 + 764. Calculate the remainder when s is divided by 55.
38
Let i be (54/(-90))/((-2)/10). Calculate the remainder when (26/i)/((-4)/(-6)) is divided by 7.
6
Suppose 180 + 63 = 9*t. What is the remainder when 80 is divided by t?
26
Calculate the remainder when 33 is divided by -3*1 - (-20 + 52/13).
7
Suppose 0 = -16*f + 2*f + 1386. What is the remainder when f is divided by 29?
12
Suppose -3*x + 7*x - 24 = 0. Let q(f) = -3*f - 6. Suppose -46 = 9*l - 1. What is the remainder when q(l) is divided by x?
3
Suppose 0 = 3*x + 1 - 10. Suppose -x*t + 2*p + 55 = 0, -t - 4*p = -2*t + 25. What is the remainder when 65 is divided by t?
14
Let x(s) = 3*s**2 + 3*s + 1. Let m be x(5). Suppose -5*v - 6 = -m. Suppose 37*a - 260 = -38. Calculate the remainder when v is divided by a.
5
Let v = -175 - -191. Calculate the remainder when 140 is divided by v.
12
Suppose 53 = p - 11. What is the remainder when p is divided by 54?
10
Suppose -39*p = 41*p - 67760. What is the remainder when p is divided by 85?
82
Suppose 0*i = i - 3*z - 22, -3*i + 46 = -5*z. Let k(w) = 10*w - 3. What is the remainder when k(i) is divided by 34/((-14)/(-8) + (-14)/(-56))?
16
What is the remainder when 77 is divided by 30*(0 - -5)*(-24)/(-80)?
32
Let f(v) = -2*v + 40. Calculate the remainder when 118 is divided by f(14).
10
Let k(j) = 181*j**3 + 13*j**2 - 11*j - 2. Calculate the remainder when k(1) is divided by 47.
40
Suppose 4*d - 5*d = -6. Suppose 70 = -o + d*o. Let f(h) = 2*h**2 + h - 6. What is the remainder when f(-5) is divided by o?
11
Let s be (-473)/1 + 8 + -4. Let y = s - -774. What is the remainder when y is divided by 44?
41
Suppose 0 = -5*s - 134 + 399. Let r = s + -40. What is the remainder when 51 is divided by r?
12
What is the remainder when -3*(1 + -19 + -6) is divided by 13?
7
Suppose 8 = 2*b - 0*b. Suppose -5*l - b*r = -3 - 17, 4*r = 20. Suppose -2*v + 4*d + 12 = l, 3*v + v - 24 = -d. Calculate the remainder when v is divided by 3.
0
Let p(i) = 4*i + 9*i - 3 - 8*i. What is the remainder when 107 is divided by p(3)?
11
Let a be 393/(-4) + (-1)/(-4). Let l = 145 + a. Suppose s + 68 = 5*s. Calculate the remainder when l is divided by s.
13
Suppose 9 = 7*q - 82. Let k(r) = r + 41. What is the remainder when k(q) is divided by 10?
4
Let r(b) = -5*b + 4 + 3*b**2 + 7*b**2 - 7*b**2 + 0. Calculate the remainder when r(4) is divided by 18.
14
Let c(h) = 4*h - 5. Let t be c(2). Let q(a) = a + 2. Let o be q(t). Suppose o*r - 72 = -7. What is the remainder when r is divided by 4?
1
Suppose 9 = 5*k - a + 3*a, 4 = 2*k + a. Let z = 37 + -19. Let j = z - k. What is the remainder when j is divided by 9?
8
Suppose 0 = -47*r + 64*r - 2992. What is the remainder when r is divided by 18?
14
Suppose 1455*q - 1443*q - 156 = 0. Suppose 134 = 2*o + 34. What is the remainder when o is divided by q?
11
Let v(q) = -4 + 21 + 23 - q - 6. Calculate the remainder when v(-22) is divided by 19.
18
Suppose -2*s + 3*s = -33. Let q be s/15 - 24/30. What is the remainder when 57 is divided by 30*(-1 + q)/(-8)?
12
Let w(s) = 16*s + 4. Suppose -4*j + 8*j + 20 = 0. Let a be w(j). Let y = -45 - a. What is the remainder when y is divided by 17?
14
Suppose -12 = -3*u + 3*s, -1 = -4*u - 5*s + 24. Suppose 3*a - 79 = -u*h, -7 - 26 = -a - 3*h. What is the remainder when a is divided by 0/(-1 + 2) - -7?
4
Let g(q) = 2*q - 20. Calculate the remainder when 684 is divided by g(17).
12
Suppose 3*m = 3*y + 2*y - 114, 0 = m + 3. Calculate the remainder when 36 is divided by y.
15
Let z = 2 + 10. What is the remainder when z is divided by (11 - 16)*(-18)/10?
3
Suppose -3*v + 2*o + 193 = 4*o, -2*v - 5*o + 125 = 0. Calculate the remainder when v is divided by 18.
11
Suppose 3*l - 25*z - 26 = -21*z, -4*z - 12 = -2*l. Let v = 128 - 35. Calculate the remainder when v is divided by l.
9
Calculate the remainder when -4 + 12/(-36)*-153 is divided by 24.
23
Suppose -15 + 0 = -5*j. Suppose 0 = -l - j*g + 5*g + 105, -4*l - 5*g = -472. Suppose -4*q = -l + 25. What is the remainder when q is divided by 12?
10
Let x(t) = -2*t**2 + 12*t + 1. Let m be x(4). Calculate the remainder when 14 is divided by (-3 - m)*(-1 - 6/(-10)).
6
Suppose -153*v + 45 = -148*v. Calculate the remainder when 25 is divided by v.
7
Let i(m) = -26*m - 3. Suppose 9*t = -4 + 24 + 214. Calculate the remainder when i(-4) is divided by t.
23
Let x be ((-238)/5)/2 - (-2)/(-10). What is the remainder when (-8)/x + (-38)/(-3) is divided by (-1 - 0) + 18/2?
5
Suppose 1893 + 3182 = 35*d. Calculat